{"id":137,"date":"2014-10-16T14:47:25","date_gmt":"2014-10-16T12:47:25","guid":{"rendered":"http:\/\/www.infoline.be\/jacques\/?page_id=137"},"modified":"2014-10-16T16:38:12","modified_gmt":"2014-10-16T14:38:12","slug":"harmoniques-extraits","status":"publish","type":"page","link":"http:\/\/www.infoline.be\/jacques\/harmoniques-2\/harmoniques-extraits\/","title":{"rendered":"Harmoniques # extraits"},"content":{"rendered":"<table>\n<tbody>\n<tr bgcolor=\"#c9c\">\n<td>\n<h6><span style=\"color: #ffffff;\">Cosmiques &#8211; Communiqu\u00e9 colombophile<\/span><\/h6>\n<\/td>\n<\/tr>\n<\/tbody>\n<\/table>\n<p>Breteuil 7 heures 19, nuageux \u00e0 couvert,<br \/>\nattendre!<br \/>\nColombes envol\u00e9es<br \/>\ndans la lumi\u00e8re du matin,<br \/>\ntout vous semble facile:<br \/>\nle premier battement d\u2019ailes<br \/>\nqui vous lib\u00e8re de la corbeille d\u2019osier<br \/>\no\u00f9 l\u2019homme vous enferme,<br \/>\nl\u2019envol\u00e9e superbe<br \/>\nqui vous place d\u00e9j\u00e0 bien loin<br \/>\nau-dessus de l\u2019odeur de la terre,<br \/>\nle long voyage aussi<br \/>\nqui vous ram\u00e8ne<br \/>\nau pays de vos amours.<br \/>\nBeaumont 7 heures 10, nuageux,<br \/>\nattendre!<br \/>\n\u00d4! Pouvoir s\u2019\u00e9lever avec vous<br \/>\nau-del\u00e0 du cercle brumeux<br \/>\nde ma fatigue!<br \/>\nNoyon 7 heures 26, nuageux \u00e0 beau,<br \/>\nl\u00e2cher \u00e0 partir de 8 heures!<\/p>\n<p>Attendre, le faut-il?<br \/>\nPourquoi toujours ces veilles,<br \/>\nces nuits aux jours pareilles?<br \/>\nLes convoyeurs<br \/>\nImpatience, M\u00e9lancolie,<br \/>\nTristesse et Errance,<br \/>\nl\u00e2chez \u00e0 partir de 8 heures!<\/p>\n<p>\u00d4! Quitter le port,<br \/>\navec vous, colombes!<br \/>\nIlliers 7 heures 30,<br \/>\nl\u00e2cher \u00e0 toute heure<br \/>\navant que je ne meure!<\/p>\n<table>\n<tbody>\n<tr bgcolor=\"#c9c\">\n<td>\n<h6><span style=\"color: #ffffff;\">Lyriques &#8211; Ponctuation<\/span><\/h6>\n<\/td>\n<\/tr>\n<\/tbody>\n<\/table>\n<p style=\"text-align: center;\">Ton corps,<br \/>\nfascinant, myst\u00e9rieux,<br \/>\ninexplor\u00e9, inexplorable,<br \/>\nen d\u00e9pit de tous les blasons<br \/>\no\u00f9 s\u2019\u00e9puisent les po\u00e8tes.<\/p>\n<p style=\"text-align: center;\">Tes jambes, points d\u2019exclamation<br \/>\nqui ouvrent la porte de mon \u00e9tonnement.<br \/>\nTa croupe rebondie,<br \/>\nannonciatrice de mille volupt\u00e9s.<br \/>\nTon ventre, carrefour insondable,<br \/>\nqui parenth\u00e9lise toute autre question.<br \/>\nTes seins, menus ou pleins,<br \/>\nqu\u2019importe? toujours g\u00e9n\u00e9reux.<br \/>\nTes bras, guillemets pos\u00e9s sur tes hanches.<br \/>\nTes mains, jamais distraites,<br \/>\ntoujours occup\u00e9es l\u00e0 o\u00f9 il faut.<br \/>\nEt par dessus tout, cet \u0153il,<br \/>\nlongue-vue qui sonde les c\u0153urs<br \/>\nen de mythiques points de suspension.<br \/>\nParties connues d\u2019un tout qui m\u2019\u00e9chappe,<br \/>\ncorps de femme au soir de ma vie,<br \/>\nTu es l\u2019insondable \u00e9nigme<br \/>\npour un c\u0153ur qui s\u2019emballe<br \/>\ndans un corps \u00e0 c\u0153ur infini,<br \/>\npoint d\u2019interrogation.<\/p>\n<table>\n<tr bgcolor=\"#c9c\">\n<td>\n<h6><span style=\"color: #ffffff;\">Tragiques &#8211; Soljenitsyne<\/span><\/h6>\n<\/td>\n<\/tr>\n<\/table>\n<p><strong>S<\/strong>ang bleu des corps supplici\u00e9s.<br \/>\n<strong>O<\/strong>rgies des interrogatoires cr\u00e9pusculaires.<br \/>\n<strong>L<\/strong>ibert\u00e9 crucifi\u00e9e et crime de haute trahison.<br \/>\n<strong>J<\/strong>ustice! Signez votre d\u00e9position!<br \/>\n<strong>\u00c9<\/strong>crasement progressif de toute chair.<br \/>\n<strong>N<\/strong>uit o\u00f9 l\u2019on vous arrache au sommeil.<br \/>\n<strong>I<\/strong>vresse du mensonge et archipel de l\u2019an\u00e9antissement.<br \/>\n<strong>T<\/strong>erreur de l\u2019inconnu et vanit\u00e9 de la r\u00e9volte.<br \/>\n<strong>S<\/strong>pasmes de l\u2019\u00e2me en d\u00e9lire d\u2019infini.<br \/>\n<strong>Y<\/strong>eux gonfl\u00e9s de lumi\u00e8re et de honte.<br \/>\n<strong>N<\/strong>erfs d\u2019acier pass\u00e9s au laminoir du Goulag.<br \/>\n<strong>E<\/strong>t l\u2019\u00e9clair de l\u2019Espoir \u00e9clate dans l\u2019exil.<\/p>\n<table>\n<tr bgcolor=\"#c9c\">\n<td>\n<h6><span style=\"color: #ffffff;\">Rythmiques &#8211; Les oeufs<\/span><\/h6>\n<\/td>\n<\/tr>\n<\/table>\n<p>Il y aura toujours des oeufs,<br \/>\ndisait-elle.<br \/>\nViens quand tu veux.<br \/>\nPli\u00e9e en deux,<br \/>\nperclue de rhumatismes,<br \/>\nelle me re\u00e7oit dans sa cuisine.<br \/>\nAh! Te voil\u00e0, dit-elle.<br \/>\nEt soudain son visage s\u2019illumine.<br \/>\nIl y a des oeufs, dit-elle.<br \/>\n<br \/>\nAujourd\u2019hui, allez savoir pourquoi,<br \/>\nelle m\u2019appara\u00eet, cette grand\u2019m\u00e8re,<br \/>\nplus jeune que jamais.<br \/>\nJe ne parle pas de sa peau<br \/>\nqui est rid\u00e9e, tan\u00e9e,<br \/>\nni de ses os<br \/>\nqui soutiennent vaille que vaille<br \/>\nce corps d\u00e9sassembl\u00e9,<br \/>\nni de sa poitrine, ni de ses bras,<br \/>\nni de son ventre, affaiss\u00e9,<br \/>\nlas, oh! combien las.<br \/>\nJe parle de son coeur,<br \/>\nde son d\u00e9vouement, de sa douceur.<br \/>\n<br \/>\nElle se tient debout, les jambes arqu\u00e9es,<br \/>\n\u00e0 peine appuy\u00e9e au rebord de la table,<br \/>\net elle bat les oeufs.<br \/>\nAh! Pourquoi faut-il toujours battre<br \/>\nquand il serait si doux de caresser?<br \/>\nTandis que nous savourons son omelette,<br \/>\naux fines herbes,<br \/>\ngonfl\u00e9e de vie et d\u2019amour,<br \/>\nelle me fixe d\u2019un regard assur\u00e9<br \/>\net profond comme un adieu.<br \/>\nHuit jours plus tard, la vie l\u2019avait quitt\u00e9e.<br \/>\nIl y avait des oeufs dans le panier.<\/p>\n<table>\n<tr bgcolor=\"#c9c\">\n<td>\n<h6><span style=\"color: #ffffff;\">Po\u00e9tiques &#8211; Benacum<\/span><\/h6>\n<\/td>\n<\/tr>\n<\/table>\n<p>Joie de na\u00eetre,<br \/>\njoie de fendre l\u2019eau du lac<br \/>\nque veillent les cypr\u00e8s,<br \/>\njoie de partir,<br \/>\njoie de mourir<br \/>\net de rena\u00eetre,<br \/>\njoie d\u2019\u00eatre la quille<br \/>\nqui s\u2019\u00e9lance<br \/>\nivre de paisibles conqu\u00eates.<br \/>\n<br \/>\nD\u00e9esse alanguie<br \/>\nau creux des vertes collines<br \/>\no\u00f9 m\u00fbrit la vigne alti\u00e8re,<br \/>\ntandis que le paysan s\u2019active<br \/>\n\u00e0 l\u2019ombre de ses bras noueux,<br \/>\nta beaut\u00e9 d\u00e9passe<br \/>\net exprime \u00e0 la fois<br \/>\nl\u2019ivresse de ton vin,<br \/>\nla verdeur de tes c\u00f4tes<br \/>\net l\u2019\u00e9clat de ta lumi\u00e8re.<br \/>\n<br \/>\nJoie de rentrer au port,<br \/>\nde jeter l\u2019ancre<br \/>\n\u00e0 l\u2019ombre des oliviers,<br \/>\nmyriades de follicules vertes,<br \/>\njoie de se balancer<br \/>\nau creux du port,<br \/>\nquand tout s\u2019endort<br \/>\nau sein de l\u2019opulent Benacum.<\/p>\n<p>Benacum: nom latin du lac de Garde.<\/p>\n","protected":false},"excerpt":{"rendered":"<p>Cosmiques &#8211; Communiqu\u00e9 colombophile Breteuil 7 heures 19, nuageux \u00e0 couvert, attendre! Colombes envol\u00e9es dans la lumi\u00e8re du matin, tout vous semble facile: le premier battement d\u2019ailes qui vous lib\u00e8re &hellip; <a href=\"http:\/\/www.infoline.be\/jacques\/harmoniques-2\/harmoniques-extraits\/\" class=\"more-link\">Continuer la lecture de <span class=\"screen-reader-text\">Harmoniques # extraits<\/span>  <span class=\"meta-nav\">&rarr;<\/span><\/a><\/p>\n","protected":false},"author":1,"featured_media":0,"parent":132,"menu_order":0,"comment_status":"closed","ping_status":"closed","template":"","meta":{"jetpack_post_was_ever_published":false,"footnotes":""},"class_list":["post-137","page","type-page","status-publish","hentry"],"jetpack_sharing_enabled":true,"jetpack_shortlink":"https:\/\/wp.me\/P5j3HX-2d","_links":{"self":[{"href":"http:\/\/www.infoline.be\/jacques\/wp-json\/wp\/v2\/pages\/137","targetHints":{"allow":["GET"]}}],"collection":[{"href":"http:\/\/www.infoline.be\/jacques\/wp-json\/wp\/v2\/pages"}],"about":[{"href":"http:\/\/www.infoline.be\/jacques\/wp-json\/wp\/v2\/types\/page"}],"author":[{"embeddable":true,"href":"http:\/\/www.infoline.be\/jacques\/wp-json\/wp\/v2\/users\/1"}],"replies":[{"embeddable":true,"href":"http:\/\/www.infoline.be\/jacques\/wp-json\/wp\/v2\/comments?post=137"}],"version-history":[{"count":13,"href":"http:\/\/www.infoline.be\/jacques\/wp-json\/wp\/v2\/pages\/137\/revisions"}],"predecessor-version":[{"id":163,"href":"http:\/\/www.infoline.be\/jacques\/wp-json\/wp\/v2\/pages\/137\/revisions\/163"}],"up":[{"embeddable":true,"href":"http:\/\/www.infoline.be\/jacques\/wp-json\/wp\/v2\/pages\/132"}],"wp:attachment":[{"href":"http:\/\/www.infoline.be\/jacques\/wp-json\/wp\/v2\/media?parent=137"}],"curies":[{"name":"wp","href":"https:\/\/api.w.org\/{rel}","templated":true}]}}