{"id":262,"date":"2014-10-25T13:40:40","date_gmt":"2014-10-25T11:40:40","guid":{"rendered":"http:\/\/www.infoline.be\/jacques\/?page_id=262"},"modified":"2014-10-25T14:08:37","modified_gmt":"2014-10-25T12:08:37","slug":"chants-a-deux-voix","status":"publish","type":"page","link":"http:\/\/www.infoline.be\/jacques\/chants-a-deux-voix\/","title":{"rendered":"Chants \u00e0 deux voix"},"content":{"rendered":"<p>Lire aussi : <a title=\"Chants \u00e0 deux voix : extraits\" href=\"http:\/\/www.infoline.be\/jacques\/chants-a-deux-voix\/chants-a-deux-voix-extraits\/\">Extraits<\/a> <a title=\"Chants \u00e0 deux voix : critiques\" href=\"http:\/\/www.infoline.be\/jacques\/chants-a-deux-voix\/chants-a-deux-voix-critiques\/\">Critiques<\/a><\/p>\n<h6>Pr\u00e9face<\/h6>\n<p><a href=\"http:\/\/www.infoline.be\/jacques\/wp-content\/uploads\/2014\/10\/livre_chants_sml.jpg\"><img loading=\"lazy\" decoding=\"async\" class=\"alignright size-full wp-image-23\" src=\"http:\/\/www.infoline.be\/jacques\/wp-content\/uploads\/2014\/10\/livre_chants_sml.jpg\" alt=\"livre_chants_sml\" width=\"120\" height=\"80\" \/><\/a><br \/>\nUne voix d\u2019or et une voix d\u2019ombre. Ces <b>Chants \u00e0 deux voix <\/b>ont des accents qui ne sont pas sans rappeler ceux de Pascal lorsqu\u2019il confiait \u00e0 ses feuillets que \u00abrien ne peut fixer le fini entre les deux infinis qui l\u2019enferment et le fuient.\u00bb<\/p>\n<p>La pens\u00e9e de Jacques Goyens, qui a choisi le chant pour s\u2019exprimer, une composition en vers de style simple et familier, dont la noblesse est tout intellectuelle, oscille de m\u00eame entre le sublime et l\u2019ab\u00eeme, le r\u00eave d\u00e9licieux et le cruel examen de la condition humaine.<\/p>\n<p>L\u2019\u00eatre fragile et mortel s\u2019accroche \u00e0 la m\u00e9moire, gardienne des \u00e9motions, \u00e0 l\u2019amour cr\u00e9ateur, \u00e0 la musique, qui divise en douceur le recueil en mouvements du c\u0153ur. Il c\u00e9l\u00e8bre la beaut\u00e9 insolente de la jeunesse, les s\u00e9ductions du quotidien, du <i>hic et nunc<\/i> qu\u2019il faut savoir saisir et appr\u00e9cier, y compris dans ses aspects les plus humbles (que traduit si bien la l\u00e9g\u00e8ret\u00e9 du ha\u00efku), du songe encore qui aide \u00e0 entrevoir l\u2019Id\u00e9al. Un seul r\u00eave suffit \u00e0 l\u2019esprit errant pour d\u00e9couvrir le bonheur, conna\u00eetre en un \u00e9clair la fusion des c\u0153urs, l\u2019unit\u00e9, l\u2019harmonie au sein du monde, atteindre la connaissance pure et parfaite.<\/p>\n<p>Cette postulation-l\u00e0 est essentielle. Elle est la r\u00e9f\u00e9rence vitale pour \u00e9chapper au pi\u00e8ge du spleen, du refus. Les filets de l\u2019angoisse sont immenses et leurs menaces incessantes\u00a0: le <i>savant chaos<\/i> a remplac\u00e9 le silence \u00e9ternel des espaces infinis, les caprices effrayants de la Nature nous r\u00e9duisent \u00e0 peu de choses\u00a0; l\u2019homme meurt vite et t\u00f4t, et quand il r\u00e9siste ou qu\u2019on l\u2019oublie, il se heurte \u00e0 sa quatri\u00e8me saison, aux faiblesses du sentiment, aux abandons, aux trahisons m\u00e9diocres, \u00e0 la b\u00eatise d\u00e9mesur\u00e9e, au hasard aveugle, \u00e0 cette infinit\u00e9 de d\u00e9ceptions qui rendent l\u2019existence si difficile \u00e0 porter.<\/p>\n<p>La vie, <i>une \u00e9quation rebelle \u00e0 plusieurs inconnues<\/i>, mais qui justement, gr\u00e2ce \u00e0 ses myst\u00e8res et \u00e0 ses emb\u00fbches, peut devenir un itin\u00e9raire passionnant et irrempla\u00e7able. L\u2019\u00e9picurisme souriant auquel l\u2019auteur a recours comme antidote pour ne pas sombrer entre les deux rives lui permet d\u2019accorder \u00e0 cette <i>poussi\u00e8re d\u2019\u00e9ternit\u00e9<\/i> un charme durable, envo\u00fbtant quelques fois. L\u2019\u00e9criture favorise cette r\u00e9conciliation car elle conf\u00e8re \u00e0 l\u2019\u00e9ph\u00e9m\u00e8re, \u00e0 l\u2019insaisissable une valeur, une r\u00e9alit\u00e9 de chair, de couleurs et d\u2019accords que l\u2019on aime \u00e0 contempler, \u00e0 r\u00e9p\u00e9ter comme un refrain de confiance.<\/p>\n<p>On pense \u00e0 ces \u00abChants de l\u2019innocence et de l\u2019exp\u00e9rience\u00bb de William Blake, qui montraient lyriquement, \u00e0 l\u2019aube du Romantisme, les deux aspects oppos\u00e9s de l\u2019\u00e2me humaine. Jacques Goyens, en fin et lucide moraliste, en appelle avec raison \u00e0 l\u2019inalt\u00e9rable po\u00e9sie pour apaiser son savoir humain, trop humain, et aiguiser son go\u00fbt pour les belles et divines choses de la vie.<\/p>\n<p style=\"text-align: right;\"><b>Michel Ducobu<\/b><\/p>\n","protected":false},"excerpt":{"rendered":"<p>Lire aussi : Extraits Critiques Pr\u00e9face Une voix d\u2019or et une voix d\u2019ombre. Ces Chants \u00e0 deux voix ont des accents qui ne sont pas sans rappeler ceux de Pascal &hellip; <a href=\"http:\/\/www.infoline.be\/jacques\/chants-a-deux-voix\/\" class=\"more-link\">Continuer la lecture de <span class=\"screen-reader-text\">Chants \u00e0 deux voix<\/span>  <span class=\"meta-nav\">&rarr;<\/span><\/a><\/p>\n","protected":false},"author":1,"featured_media":0,"parent":0,"menu_order":0,"comment_status":"closed","ping_status":"closed","template":"","meta":{"jetpack_post_was_ever_published":false,"footnotes":""},"class_list":["post-262","page","type-page","status-publish","hentry"],"jetpack_sharing_enabled":true,"jetpack_shortlink":"https:\/\/wp.me\/P5j3HX-4e","_links":{"self":[{"href":"http:\/\/www.infoline.be\/jacques\/wp-json\/wp\/v2\/pages\/262","targetHints":{"allow":["GET"]}}],"collection":[{"href":"http:\/\/www.infoline.be\/jacques\/wp-json\/wp\/v2\/pages"}],"about":[{"href":"http:\/\/www.infoline.be\/jacques\/wp-json\/wp\/v2\/types\/page"}],"author":[{"embeddable":true,"href":"http:\/\/www.infoline.be\/jacques\/wp-json\/wp\/v2\/users\/1"}],"replies":[{"embeddable":true,"href":"http:\/\/www.infoline.be\/jacques\/wp-json\/wp\/v2\/comments?post=262"}],"version-history":[{"count":6,"href":"http:\/\/www.infoline.be\/jacques\/wp-json\/wp\/v2\/pages\/262\/revisions"}],"predecessor-version":[{"id":277,"href":"http:\/\/www.infoline.be\/jacques\/wp-json\/wp\/v2\/pages\/262\/revisions\/277"}],"wp:attachment":[{"href":"http:\/\/www.infoline.be\/jacques\/wp-json\/wp\/v2\/media?parent=262"}],"curies":[{"name":"wp","href":"https:\/\/api.w.org\/{rel}","templated":true}]}}