{"id":4,"date":"2014-10-15T16:35:16","date_gmt":"2014-10-15T15:35:16","guid":{"rendered":"http:\/\/www.infoline.be\/jacques\/?page_id=4"},"modified":"2014-10-16T16:41:31","modified_gmt":"2014-10-16T14:41:31","slug":"les-enfants-de-munich","status":"publish","type":"page","link":"http:\/\/www.infoline.be\/jacques\/les-enfants-de-munich\/","title":{"rendered":"Les enfants de Munich"},"content":{"rendered":"<p>Lire aussi : <a title=\"Les enfants de Munich : extraits\" href=\"http:\/\/www.infoline.be\/jacques\/les-enfants-de-munich\/les-enfants-de-munich-extraits\/\">Extraits<\/a>   <a title=\"Les enfants de Munich : critiques\" href=\"http:\/\/www.infoline.be\/jacques\/les-enfants-de-munich\/les-enfants-de-munich-critiques\/\">Critiques<\/a><\/p>\n<p><a href=\"http:\/\/www.infoline.be\/jacques\/wp-content\/uploads\/2014\/10\/livre_munich_sml.gif\"><img loading=\"lazy\" decoding=\"async\" class=\"alignright size-full wp-image-21\" src=\"http:\/\/www.infoline.be\/jacques\/wp-content\/uploads\/2014\/10\/livre_munich_sml.gif\" alt=\"livre_munich_sml\" width=\"120\" height=\"183\" \/><\/a><\/p>\n<blockquote><p>Les enfants de Munich, ce sont les enfants n\u00e9s neuf mois apr\u00e8s les accords de Munich qui \u00e9taient cens\u00e9s \u00e9pargner la guerre \u00e0l&rsquo;Europe. Ces enfants-l\u00e0 ont donc v\u00e9cu une enfance assez troubl\u00e9e, marqu\u00e9e par l&rsquo;occupation allemande. \u00c0 partir de ce fait v\u00e9ridique l&rsquo;auteur construit une histoire, imagine le personnage de Fr\u00e9d\u00e9ric et sa rencontre avec Barbara, jeune Allemande n\u00e9e dans les m\u00eames circonstances que lui.<\/p>\n<p>Par ailleurs, les deux h\u00e9ros voyagent, d\u00e9couvrent le monde, se d\u00e9couvrent eux-m\u00eames. Leur parcours initiatique se termine lors d&rsquo;un s\u00e9jour \u00e0 Munich, dans le parc du Nymphenburg, petit chef d&rsquo;oeuvre d&rsquo;harmonie, contrepoint de leur plaidoyer pour la tol\u00e9rance entre les peuples.\n<\/p><\/blockquote>\n<table>\n<tbody>\n<tr bgcolor=\"#cc9\">\n<td><b>L&rsquo;auteur<\/b>, n\u00e9 lui m\u00eame \u00e0 la veille de cette guerre, est professeur de litt\u00e9rature et d&rsquo;histoire. Convaincu de l&rsquo;absurdit\u00e9 et de l&rsquo;inutilit\u00e9 des conflits, il d\u00e9nonce le danger du nationalisme toujours pr\u00eat \u00e0 rena\u00eetre de ses cendres. De l\u00e0 d\u00e9coulent la n\u00e9cessit\u00e9 de la vigilance et le refus de l'\u00a0\u00bbesprit de Munich\u00a0\u00bb. Ceci est son premier roman.<\/td>\n<\/tr>\n<\/tbody>\n<\/table>\n<table>\n<tbody>\n<tr bgcolor=\"#cc9\">\n<td><b>Les accords de Munich<\/b><br \/>\n<a href=\"http:\/\/www.infoline.be\/jacques\/wp-content\/uploads\/2014\/10\/chamberlain.jpg\"><img loading=\"lazy\" decoding=\"async\" class=\"alignright size-full wp-image-22\" src=\"http:\/\/www.infoline.be\/jacques\/wp-content\/uploads\/2014\/10\/chamberlain.jpg\" alt=\"Chamberlain\" width=\"287\" height=\"183\" \/><\/a>Accords sign\u00e9s par l&rsquo;Allemagne, l&rsquo;Italie, la France et le Royaume-Uni \u00e0 Munich, les 29-30 septembre 1938, par lesquels Adolf Hitler put annexer le territoire de langue allemande des Sud\u00e8tes, une r\u00e9gion de Tch\u00e9coslovaquie frontali\u00e8re de l&rsquo;Allemagne. Apr\u00e8s l&rsquo;Anschluss de l&rsquo;Autriche, en mars 1938, ces accords, qui marqu\u00e8rent le recul des d\u00e9mocraties face \u00e0 l&rsquo;expansionnisme hitl\u00e9rien, sont consid\u00e9r\u00e9s comme une \u00e9tape d\u00e9terminante dans la marche vers la Seconde Guerre mondiale.Dans une s\u00e9rie d&rsquo;entrevues, qui avaient d\u00e9but\u00e9 d\u00e8s ao\u00fbt 1938, entre le Premier ministre britannique Arthur Chamberlain et Hitler, le principe de l&rsquo;annexion des Sud\u00e8tes (une r\u00e9gion o\u00f9 vivaient 3millions d&rsquo;habitants d&rsquo;origine allemande) par l&rsquo;Allemagne avait d\u00e9j\u00e0 \u00e9t\u00e9 accept\u00e9. La conf\u00e9rence de Munich se r\u00e9unit \u00e0 partir du 29 septembre 1938!; le repr\u00e9sentant de l&rsquo;Italie \u00e9tait Benito Mussolini!; celui de l&rsquo;Allemagne, Adolf Hitler!; celui de la France, \u00c9douard Daladier!; et celui du Royaume-Uni, Arthur Chamberlain. La Tch\u00e9coslovaquie, principale int\u00e9ress\u00e9e, de m\u00eame que l&rsquo;Union des r\u00e9publiques socialistes sovi\u00e9tiques (URSS), n&rsquo;avaient pas \u00e9t\u00e9 convi\u00e9es \u00e0 la conf\u00e9rence. Les accords fix\u00e8rent les conditions du rattachement des Sud\u00e8tes \u00e0 l&rsquo;Allemagne!; il fut d\u00e9cid\u00e9 une \u00e9vacuation du territoire sud\u00e8te par les Tch\u00e8ques, selon des zones successives et \u00e9chelonn\u00e9es jusqu&rsquo;au 10octobre 1938. Le cas des autres territoires \u00e0 pr\u00e9dominance allemande devait \u00eatre \u00e9tudi\u00e9 par une commission internationale, compos\u00e9e de d\u00e9l\u00e9gu\u00e9s fran\u00e7ais, allemands, britanniques, italiens et tch\u00e8ques. En outre, la commission internationale avait pour mission de d\u00e9finir les fronti\u00e8res et les zones soumises \u00e0 un pl\u00e9biscite pour d\u00e9cider du futur statut du territoire (mais aucun pl\u00e9biscite ne fut organis\u00e9). Enfin, la France et le Royaume-Uni accept\u00e8rent, dans une clause additionnelle, de garantir les nouvelles fronti\u00e8res de la Tch\u00e9coslovaquie contre toute agression.D\u00e8s le lendemain de la signature de l&rsquo;accord commen\u00e7a le d\u00e9membrement de l&rsquo;\u00c9tat tch\u00e9coslovaque. La Pologne et la Hongrie s&#8217;empar\u00e8rent des territoires tch\u00e8ques qu&rsquo;elles convoitaient (Teschen pour la Pologne, le sud de la Slovaquie pour la Hongrie).<\/p>\n<p>Les accords de Munich furent le symbole de la politique d&rsquo;apaisement britannique et de la passivit\u00e9 des d\u00e9mocraties occidentales, qui voulaient maintenir la paix \u00e0 tout prix. Pourtant, l&rsquo;int\u00e9grit\u00e9 du territoire tch\u00e9coslovaque fut sacrifi\u00e9e et ces accords ne reposaient que sur l&rsquo;engagement (illusoire) d&rsquo;Hitler \u00e0 limiter son expansion et \u00e0 ne pas s&#8217;emparer d&rsquo;une plus grande partie du territoire tch\u00e9coslovaque.<\/p>\n<p>Or, en mars 1939, les troupes allemandes envahirent ce qui restait de la Tch\u00e9coslovaquie, bafouant ouvertement les accords de Munich. La presque-totalit\u00e9 du pays fut alors transform\u00e9e en protectorat de Boh\u00eame-Moravie, v\u00e9ritable satellite du Reich. En annexant la Tch\u00e9coslovaquie, Hitler supprimait une dangereuse alliance de revers de la France!; le dynamisme \u00e9conomique tch\u00e9coslovaque repr\u00e9sentait un atout essentiel pour l&rsquo;Allemagne qui se pr\u00e9parait \u00e0 la guerre.<\/p>\n<p>Face au bellicisme et \u00e0 l&rsquo;expansionnisme hitl\u00e9rien -et en particulier face aux nouvelles revendications de Hitler concernant le corridor polonais et Dantzig- le Royaume-Uni et la France assur\u00e8rent, \u00e0 la fin mars, leur assistance \u00e0 la Pologne en cas d&rsquo;agression. Ainsi, lorsque le 1erseptembre 1939, Hitler attaqua le territoire polonais, les deux puissances europ\u00e9ennes d\u00e9clar\u00e8rent la guerre \u00e0 l&rsquo;Allemagne!; ce fut le commencement de la Seconde Guerre mondiale.<\/p>\n<p><i>Encyclop\u00e9die Microsoft(R) Encarta(R) 98. (c) 1993-1997 Microsoft Corporation. Tous droits r\u00e9serv\u00e9s.<\/i><\/td>\n<\/tr>\n<\/tbody>\n<\/table>\n","protected":false},"excerpt":{"rendered":"<p>Lire aussi : Extraits Critiques Les enfants de Munich, ce sont les enfants n\u00e9s neuf mois apr\u00e8s les accords de Munich qui \u00e9taient cens\u00e9s \u00e9pargner la guerre \u00e0l&rsquo;Europe. Ces enfants-l\u00e0 &hellip; <a href=\"http:\/\/www.infoline.be\/jacques\/les-enfants-de-munich\/\" class=\"more-link\">Continuer la lecture de <span class=\"screen-reader-text\">Les enfants de Munich<\/span>  <span class=\"meta-nav\">&rarr;<\/span><\/a><\/p>\n","protected":false},"author":1,"featured_media":0,"parent":0,"menu_order":0,"comment_status":"open","ping_status":"open","template":"","meta":{"jetpack_post_was_ever_published":false,"footnotes":""},"class_list":["post-4","page","type-page","status-publish","hentry"],"jetpack_sharing_enabled":true,"jetpack_shortlink":"https:\/\/wp.me\/P5j3HX-4","_links":{"self":[{"href":"http:\/\/www.infoline.be\/jacques\/wp-json\/wp\/v2\/pages\/4","targetHints":{"allow":["GET"]}}],"collection":[{"href":"http:\/\/www.infoline.be\/jacques\/wp-json\/wp\/v2\/pages"}],"about":[{"href":"http:\/\/www.infoline.be\/jacques\/wp-json\/wp\/v2\/types\/page"}],"author":[{"embeddable":true,"href":"http:\/\/www.infoline.be\/jacques\/wp-json\/wp\/v2\/users\/1"}],"replies":[{"embeddable":true,"href":"http:\/\/www.infoline.be\/jacques\/wp-json\/wp\/v2\/comments?post=4"}],"version-history":[{"count":31,"href":"http:\/\/www.infoline.be\/jacques\/wp-json\/wp\/v2\/pages\/4\/revisions"}],"predecessor-version":[{"id":164,"href":"http:\/\/www.infoline.be\/jacques\/wp-json\/wp\/v2\/pages\/4\/revisions\/164"}],"wp:attachment":[{"href":"http:\/\/www.infoline.be\/jacques\/wp-json\/wp\/v2\/media?parent=4"}],"curies":[{"name":"wp","href":"https:\/\/api.w.org\/{rel}","templated":true}]}}